ainder when 55 is divided by 28/5*((-6)/12 + 3)?
13
Let r be (-1)/4 + 203/28. Suppose -8*a + 23 = -r*a. Let t(f) = 13*f - 1. Calculate the remainder when a is divided by t(1).
11
Let l = -11 + 54. Calculate the remainder when l is divided by 23.
20
Let u(b) = 7*b - 21. What is the remainder when u(6) is divided by 6?
3
Suppose 516 - 435 = 3*c. Suppose 4*d + d = 20. Suppose -x - 4*m + 65 - 6 = 0, -d*x + 326 = -2*m. What is the remainder when x is divided by c?
25
Suppose -3*u - 2*u + 95 = 0. Calculate the remainder when 300/(2 - -2) - 1 is divided by u.
17
Let n = 0 - 1. Let h be n + -2 + 2 - -2. What is the remainder when 4 is divided by (1/(-1))/(h/(-3))?
1
Let r(o) = o**3 - 11*o**2 + 11*o - 7. Let z be r(10). Suppose 3*k = 6, -z*f + k + 59 = -4*k. What is the remainder when f is divided by 12?
11
Let b = -14 + 7. Let o = b - -55. What is the remainder when o is divided by 25?
23
Let g = 1 + 3. Suppose -71 = -5*q + s, g*q = -s + 21 + 34. What is the remainder when q is divided by 5?
4
Suppose -r + 4*r = 681. What is the remainder when r is divided by 38?
37
Suppose 0 = -4*j - j. Suppose 5*h - h - 4*a - 148 = 0, j = 3*h - 4*a - 113. Calculate the remainder when h is divided by 18.
17
Let q = -11 - -30. What is the remainder when 52 is divided by q?
14
Suppose -t = -2*w + 79, -4*t = w - 5*t - 39. Suppose 5*b = b + w. What is the remainder when 39 is divided by b?
9
Let j(s) = -s. Let q be j(-3). Suppose 3*r - 4*a - 9 = 10, 0 = -2*r + 5*a + 22. Let i = q + r. What is the remainder when i is divided by 2?
0
Suppose 70 = 4*d - 46. Suppose -13 + 2 = -c - 2*p, 5*c = -5*p + 35. Suppose 7 = c*a - 38. What is the remainder when d is divided by a?
14
Calculate the remainder when -3 + 2 - 1/(-2)*166 is divided by 21.
19
Let j = -84 - -149. What is the remainder when j is divided by 22?
21
Suppose 5*f - f = 68. Let b(l) = -l**2 - 16*l - 34. Calculate the remainder when b(-8) is divided by f.
13
Suppose -2*w = -2*g + 208, -5*w = 5*g + 162 - 682. What is the remainder when g is divided by 18?
14
Suppose -22 + 6 = -a + 3*o, a - 4 = -o. What is the remainder when -1 + (-382)/(-18) - (-112)/(-504) is divided by a?
6
Suppose 4*i = 3*t + 9, -5*i + 2*i = -2*t - 7. Suppose 3*n + 25 = 2*m, -7 = -m + i*n + 13. Let b = -3 - -12. Calculate the remainder when b is divided by m.
4
Suppose v = -d - 4*d + 15, -3 = -d + 5*v. Suppose 4*b - d*a = 43, -a + 4*a = -3. Calculate the remainder when 19 is divided by b.
9
Suppose 3*c - 8*c = -15. Suppose -j - 5*m + 31 = 0, m + 3 = j - 10. What is the remainder when j is divided by 7 - c/(-6)*-2?
4
Let l = -6 + 10. Calculate the remainder when 13 is divided by l.
1
What is the remainder when 97 is divided by ((5 - 5) + -1)/((-3)/75)?
22
Let j = 10 + -6. What is the remainder when 9 is divided by j?
1
Suppose 21*l - 135 = 16*l. What is the remainder when 105 is divided by l?
24
Suppose 3*p - 84 = 12. Suppose -2*g = -2*h - p, 3*g + h - 2*h = 48. Suppose m = -4*m + 235. What is the remainder when m is divided by g?
15
Suppose -1 - 6 = -x. Let v(l) = -l**2 + 6*l + 10. Let c be v(x). Suppose 2 = -3*a + 2*a, 4*u - 38 = c*a. Calculate the remainder when 22 is divided by u.
6
Let k be 1*(1 + -5*1). Let c be 6*(k/3)/(-2). Suppose -44 = -3*j + x, 2*j = -j - c*x + 34. Calculate the remainder when j is divided by 5.
4
Suppose -26 = -0*t - 2*t. What is the remainder when 37 is divided by t?
11
Let s(z) = z**3 - 6*z**2 + 4*z + 3. Let k be s(3). What is the remainder when 30 is divided by -4 + -30*8/k?
14
Let h(x) = -9*x - 2. Let r = -23 - -58. Let n = 82 - r. What is the remainder when n is divided by h(-2)?
15
Suppose -57 + 7 = -5*h + 4*y, h + y - 19 = 0. Suppose -3*j = -3*s + 201 - 36, -2*j = -3*s + 162. Calculate the remainder when s is divided by h.
10
Suppose -2*p = 4*l - 52, 0*p - 48 = -2*p - 2*l. Let n = p + -15. What is the remainder when n is divided by (-15)/5 + 6/1?
1
What is the remainder when (4/(-6))/((-2)/57) is divided by (-2 - 48/(-14))*7?
9
Let q be 1/(-2)*4/(-2). Let y = 14 + q. What is the remainder when 44 is divided by y?
14
Let a = -5 + 6. Let z(g) = 19*g. Suppose 0 = 4*w - w - 21. Calculate the remainder when z(a) is divided by w.
5
Let o = 7 + -5. Suppose -6*p = -o*p - 100. Let h(a) = -a**3 + 4*a**2 + a - 3. Calculate the remainder when p is divided by h(3).
7
Let z(c) = -5*c**2 + 46*c - 43. Calculate the remainder when (2/(-4))/((-1)/14) is divided by z(8).
2
Let q(n) = -4*n - 1. Let w be q(-5). Suppose 2*b - l = 4*l + w, -13 = -5*b + l. Suppose -b*h - h + 69 = 0. Calculate the remainder when 67 is divided by h.
21
Let o(p) = -p**3 + p**2 - p + 2. What is the remainder when 11 is divided by o(0)?
1
Suppose 5*i - 19 - 1 = 0, 11 = -x + 3*i. Suppose -p + x = -4. Let h = -3 + 5. What is the remainder when p is divided by h?
1
Suppose 0 = 3*s + 15, -q + s = -6*q + 15. Let j(y) = 7*y + 3*y - q*y + 1. What is the remainder when 13 is divided by j(1)?
6
Let u(z) = -5*z**3 - 2*z**2 - 7*z - 1. Let y(c) = -4*c**3 - 3*c**2 - 6*c. Let l(v) = 3*u(v) - 4*y(v). What is the remainder when 33 is divided by l(-4)?
16
Let m = 15 + -4. Let j = 63 - 32. Calculate the remainder when j is divided by m.
9
Let z(o) = o**3 - 3*o**2 - 5*o - 4. Suppose -5*i + 317 = 4*m, -2*i - m + 125 = -0*m. Calculate the remainder when i is divided by z(5).
19
Suppose -59 = -3*o + y, 0*o = 5*o - y - 95. What is the remainder when 1*-7*o/(-63) is divided by -1 - (-1 + (-2)/2)?
0
Let r(x) = 3*x. Suppose -f = -3*f - 4*o + 146, -o + 152 = 2*f. Let a = -42 + f. Calculate the remainder when a is divided by r(4).
11
Let a = -7 + 6. Let w = 10 + a. What is the remainder when 34 is divided by w?
7
Let y = -6 - -16. Let a be (-1518)/(-21) - 4/14. Suppose -q = 3*q - a. Calculate the remainder when q is divided by y.
8
Let h be 0 + (2 - 2) + 2. Suppose -2*f - h = -3*w, -f + 0*f + 5 = 0. Calculate the remainder when w is divided by 2.
0
Suppose -3*a + w = -11, 0*a + 4*w = 2*a - 14. What is the remainder when 13 is divided by a?
1
Let a(s) = 4*s**2 + 0*s**2 + 4*s**2 + 3*s - 3. Let z be a(2). Suppose -10 - z = -3*g. Calculate the remainder when 43 is divided by g.
13
Let o(w) = -6*w - 1. Let d = 129 + -88. Let z = 60 - d. What is the remainder when z is divided by o(-2)?
8
Suppose -31 = -4*t - 11. Suppose -3*r - 15 = 0, 0 = t*p - 4*r - 15 - 5. Suppose -l - 4*l + 40 = p. What is the remainder when 23 is divided by l?
7
Suppose 4*o - 109 = 135. Let r = o + -14. What is the remainder when r is divided by 25?
22
Let l(t) = 4*t - 1. Let y = 3 - 3. Suppose y = -2*c - c + 9. What is the remainder when l(c) is divided by 4?
3
Let h = 18 + -13. Let q(l) = l**3 - l**2 + l + 4. Let n be q(0). Let v(b) = -b**3 + 6*b**2 - 7*b + 4. What is the remainder when v(n) is divided by h?
3
Suppose 1 = -4*d + 5*k - 0, 0 = 4*d - 4*k. Let b be d/2 + 35/2. Calculate the remainder when 38 is divided by 3 + -1 + b*1.
18
Suppose 3*g = -2*v - v + 207, 4*v = 2*g + 300. What is the remainder when v is divided by 38?
35
Let j = -25 - -35. What is the remainder when (-11)/(88/(-372)) - 2/4 is divided by j?
6
Suppose 4*b - 126 = -30. What is the remainder when b is divided by 13?
11
Let l = -8 - -20. What is the remainder when 70 is divided by l?
10
Suppose 2*w + 4*t - 76 = 0, 7*w - t - 134 = 3*w. Calculate the remainder when 134 is divided by w.
32
Suppose -r = 17 - 19. Calculate the remainder when 2 is divided by r.
0
Suppose 2*n = 33 + 1. Suppose 120 = m + 3*m. Calculate the remainder when n is divided by (m/25)/((-2)/(-10)).
5
Suppose 14 = -g - 2*w, -4*w + 7 = -5*g - 7. Let b = g - -7. What is the remainder when (b + (-2)/6)*33 is divided by 12?
10
Suppose -3*m + 130 = 2*m. Calculate the remainder when m is divided by 15.
11
Suppose 20 = 7*w - 2*w. What is the remainder when 37 is divided by w?
1
Let j(v) = v**2 + 9*v - 8. Let t = 41 - 76. Let g = t - -50. What is the remainder when j(-12) is divided by g?
13
Let y(a) = a**3 + 6*a**2 - 5*a + 1. Let k be y(-5). Let v = k + 54. Calculate the remainder when v is divided by 27.
24
Let v(y) = 2*y + 5. Let l be v(-7). Let p(j) = j**2 + 6*j - 6. Calculate the remainder when 81 is divided by p(l).
18
Let u(x) = -x**2 - x - 16. Let n be u(0). Let l = -9 - n. Calculate the remainder when 25 is divided by l.
4
Suppose 3*i - 17 = 67. Suppose -c + 3*c - 34 = 0. Suppo